 0*x = -462. Suppose -2*t + x = 9*t. Determine u(t).
7
Let j = 369 + -372. Let d(s) = -10*s - 1. Calculate d(j).
29
Let a(t) = t**2 - 2*t - 4. Let q be (-12)/10*(-20)/8. Let l be a(q). Let n(j) = -5*j**2 + 1. Give n(l).
-4
Let i(o) = 1 + 3*o + 6*o + 5*o**2 - o**3 + 0*o**2 - 5. Let x = -10 - -16. Calculate i(x).
14
Let z(d) = -3*d - 14*d + 6*d - 1. What is z(1)?
-12
Let v(z) = 3*z**2 - 1. Suppose -4 = y - 1. Let t(a) = -2*a**2 - a. Let q(w) = y*v(w) - 4*t(w). Determine q(7).
-18
Let b(y) = y + 2. Let w = 564 - 556. What is b(w)?
10
Let p(l) = -l + 1 - 2*l + l + l. Let q be p(-3). Let m(d) = d + 1. Let n(i) = -10*i - 8. Let k(u) = 8*m(u) + n(u). Determine k(q).
-8
Let v(j) = 1 - 3*j + 2*j - 2 - 5. Let w = 24 - 27. Give v(w).
-3
Let s(g) = g + 9. Let z(q) = -223 - q + 223. Let o be z(4). Give s(o).
5
Let k be (-2)/(-4) - 115/10. Let m = -12 - k. Let y(z) = z - 1. Let n(t) = -5*t + 1. Let q(f) = m*n(f) + y(f). Calculate q(2).
10
Suppose -20*u + 65 = -7*u. Let v(d) be the second derivative of -d**7/2520 + d**6/144 - d**4/12 + d. Let x(c) be the third derivative of v(c). What is x(u)?
0
Let d(i) = -i - 7. Suppose -b + 0 + 2 = 0. Let h(n) = 2*n**2 - n - 1. Let g be h(2). Suppose g*t - b*t = -v + 14, 1 = -v. Calculate d(t).
-12
Let y(s) be the second derivative of -s**5/20 + s**4/2 - s**3/6 - s**2 - 2*s + 15. Determine y(6).
-8
Let h be 3 + 1 + (1 - 3). Suppose 0*d - h*d + 8 = 0. Let q be d/(1/(2/(-4))). Let v(t) = -3*t - 2. Give v(q).
4
Let m(k) = k**3 + 5*k**2 + 3*k - 7. Let n(z) = -2*z**3 - 8*z**2 - 6*z + 13. Let o(c) = -7*m(c) - 4*n(c). Give o(3).
6
Let x(j) = 6*j + 31. Let c be x(-5). Let y(g) = 25*g + 1. Calculate y(c).
26
Let u(d) be the third derivative of -d**4/12 + 2*d**3/3 + 7*d**2. Let k be (-20)/35 - 93/21. Give u(k).
14
Let n be 7*(-6)/210 - 1/(-5). Let a(s) = -s**2 + s - 2. What is a(n)?
-2
Let v(u) = 2*u**2 + 12*u + 3. Let w be (-68)/20 + 3 + 28/(-5). Let l be v(w). Let h(x) = -x**2 + 5*x + 1. Calculate h(l).
7
Let k = -143 - -137. Let u(v) = v**2 + 5*v + 1. Determine u(k).
7
Suppose 0 = 4*g + 14 + 10. Let z be (-3)/2*(-32)/g. Let i(n) = n + 1. Determine i(z).
-7
Let m(d) = d**3 + 6*d**2 - 23*d - 53. Let q be m(-8). Let j(z) = z**3 - 2*z**2 - 3*z + 1. Calculate j(q).
1
Let r(a) be the first derivative of 3*a**2/2 - 33*a - 7. Let g be r(10). Let y(m) = -2*m**2 - m + 1. Give y(g).
-14
Suppose -2*t = -4*u + 2*u - 6, -10 = -2*u - 2*t. Let o be ((-10)/2 + 2)*u. Let y(x) = -x**3 - 3*x**2 + 2*x + 1. Calculate y(o).
-5
Let z(b) = -4*b**2 - 10*b - 6. Let h be z(-2). Let p(m) = -m**2 - 6*m - 3. What is p(h)?
5
Suppose -97 = 29*f + 193. Let y(h) = -h**2 - 10*h + 3. Determine y(f).
3
Let m(u) = -3*u**3 + 2*u**2 + u + 6. Let v(y) = -7*y**3 + 5*y**2 + 3*y + 12. Suppose f + 5 - 7 = 0. Let i(n) = f*v(n) - 5*m(n). Determine i(0).
-6
Let y(h) = -7*h**2 - h + 1. Suppose -d = -2*f - 5, -2*f = -2*d - 19 + 25. Determine y(d).
-7
Let f(t) be the third derivative of t**5/60 - t**4/2 - 13*t**3/6 + 161*t**2. Determine f(11).
-24
Let h(a) = -a**2 - 11. Let y = 70 + -50. Suppose z = 4*p + y, 0 = 3*z - 2*p - p - 15. Calculate h(z).
-11
Let d(c) = -c**2 - 19*c - 76. Let l be d(-5). Let n(y) = -y**2 - 2*y + 6. Give n(l).
-18
Let g = 28 - 20. Let s be (0 - 4)*(-6)/g. Let w(k) be the second derivative of k**4/12 - k**3/3 - k**2 - 3*k. What is w(s)?
1
Let o(u) = u**2 + 6*u - 1. Suppose -3*k + 69 = -3*j, 2*k - 22 = -6*j + 2*j. Suppose -2*i - k + 3 = 0. What is o(i)?
15
Let m be (-4*(-2)/4)/(8 + -10). Let b be (-5)/(15/(-21))*m. Let a(v) = v**2 + 5*v - 10. What is a(b)?
4
Let x(m) = 2*m - 10. Let v be x(8). Let l(i) = -i**3 + 10*i**2 + 13 - v*i**2 - 11. Determine l(3).
11
Let c = 5 + -6. Let a(u) = 5*u**3 + u**2 + 7*u + 13. Let h(s) = -3*s**3 - s**2 - 3 + 2 + 2*s**3. Let x(v) = c*a(v) - 6*h(v). Give x(-6).
-1
Suppose 0 = -16*y - 9*y + 25. Let t(f) = -2*f + 3. Let u be t(-7). Let j(q) = -u + q + 17. Determine j(y).
1
Let s(v) be the second derivative of v**5/20 + v**4/3 - 7*v**3/6 - 7*v**2/2 + 2*v. Let d = 3 - 1. Suppose 3*l + d*r = -9, -3*r + 0*r = 2*l + 1. Determine s(l).
3
Let o be -3*32/18*6. Suppose 0 = -r - 25 - 10. Let p = r - o. Let s(y) = 2*y + 3. Calculate s(p).
-3
Suppose -13 = -2*b + 3*b. Let v(i) = -i**3 - 13*i**2 - i - 11. Let u be v(b). Let t(o) = 2*o**2 - 4*o + 3. What is t(u)?
3
Let n(v) = -8*v + 1. Suppose -2*d + 26 = -4*l, 3*l = 2*d - 0*l - 22. Suppose -d*i - 1 = -6*i. Give n(i).
-7
Let j(f) be the first derivative of -5*f**4/12 + f**3/3 - 8*f**2 - 44. Let c(t) be the second derivative of j(t). Give c(-2).
22
Let p(v) be the third derivative of -v**6/120 + v**5/10 - v**4/8 + 7*v**3/6 - v**2. Let k be (-8 - -1) + 1 + 11. Give p(k).
17
Suppose 4*r + 2 = l + 5*r, 4*l + 2*r = 10. Let v(x) = 2*x + 13 - 4*x**l + 3*x**3 - 11 + x**2. What is v(-2)?
10
Let h = 19 + -17. Let j(o) = 3 - 4 + h*o - 3*o - 1. Give j(3).
-5
Let q(h) = -h**3 + h**2 - h + 39. Let j = -24 + 24. Let v be q(j). Let r(s) = v*s**2 + 2*s - 38*s**2 + 3 - 9. Give r(-5).
9
Let l = 708 + -123. Let v(r) = 588 + 3*r - l - 4*r. Calculate v(5).
-2
Let j(i) = -i + 4. Let x be ((-9)/(-2) - 6)/((-4)/(-16)). Calculate j(x).
10
Let c = 370 + -376. Let p(h) = h**3 + 6*h**2 + h + 5. Determine p(c).
-1
Let x be ((56/(-7) - -3) + 4)*0. Let s(t) be the second derivative of -1/6*t**3 + x + 10*t + 0*t**2. Give s(-3).
3
Suppose 4*i + 2*t + 4 = -0*i, 5*t + 17 = -3*i. Let p be 1*(-3)/2*-2. Let j(h) = 1 - 2 - p*h + 7*h. Give j(i).
3
Let v(c) = c**2 + c - 1. Let p(d) = d**2 - 4*d - 7. Let n(g) = p(g) - 3*v(g). Determine n(-3).
-1
Let w(r) = -13*r + 32. Let m(i) = -20*i + 47. Let l(q) = -5*m(q) + 8*w(q). Calculate l(7).
-7
Let g = 1063 - 1066. Let y(f) = 2*f**2 - 3. Let w(k) = k**2 - k - 1. Let b(p) = w(p) + y(p). Give b(g).
26
Let h(r) = -4 - 59*r**3 + 8*r + 31*r**3 + 11 + 29*r**3 + 7*r**2. What is h(-6)?
-5
Let z(x) = -x**2 - 7*x + 6. Let l(j) = j**2 - 5*j. Let r be l(3). Determine z(r).
12
Let n(l) be the second derivative of l**4/12 - l**3/3 - 2*l**2 + l + 3. Determine n(-2).
4
Let u(l) = -l**3 + 7*l**2 + 9*l - 6. Suppose 0 = -8*b + 176 + 176. Suppose -5*a + f = -b, -4*a + 0*a - 5*f = -12. Determine u(a).
2
Suppose 2*d - 7*d + 5*g = 25, d + 2*g + 8 = 0. Let x be ((-3)/(-2))/(d/12). Let f(v) = -3*v - 1. Calculate f(x).
8
Let r(a) = -2*a**2 - 4*a - 1. Let g(u) = 11*u**2 + 12*u + 9*u + 5 - 3*u**2 - 4*u. Let y(q) = 2*g(q) + 9*r(q). Let f = -19 - -17. What is y(f)?
-3
Let k(v) = -3*v**2 + 4*v + 2. Let i(g) = 4*g**2 - 5*g - 2. Let u(s) = 2*i(s) + 3*k(s). Let f = -7 + -7. Let d = f + 12. Determine u(d).
-6
Suppose 0 = -3*q - 0 - 3, 0 = 4*a - 4*q - 20. Suppose 4*n = -a + 8. Let g(l) be the third derivative of l**4/24 - 2*l**2. Calculate g(n).
1
Let o be 41/((-4059)/(-22)) + (-29)/9. Let q(a) = a**2 - 3*a - 1. Determine q(o).
17
Let o(p) = p**2 - 8*p - 2. Suppose 3*n + 2*i - 35 = 0, -n + 2*i + 3*i - 11 = 0. Calculate o(n).
7
Suppose 66 - 81 = -5*n. Suppose -x = -n + 11. Let h(s) = -s**3 - 9*s**2 - 7*s + 3. Calculate h(x).
-5
Suppose 25 = 5*f + 10. Let m(w) = w - 7*w + f*w. What is m(-1)?
3
Let r(c) be the first derivative of c**3 + c**2 - 1/4*c**4 - 2 - 4*c. Suppose 4*v + 20 = 0, 4 = -4*p + 2*p - 2*v. Give r(p).
2
Let x(k) = -2*k + 1. Let y be x(3). Let h = 8 + y. Let p(c) = -3 - 3*c**2 - 107*c**3 + 108*c**3 - c**2 + 2*c. Determine p(h).
-6
Let h(x) = 16*x**2 + 2782*x + 2 - 2781*x - 2. What is h(-1)?
15
Suppose 0 = 11*j - 24*j - 91. Let t(p) = -2*p - 8. Determine t(j).
6
Let y(x) = 3*x**2 - 10*x + 9. Let k be y(2). Let d(j) = -4*j**3 - j**2 - j + 1. Calculate d(k).
-5
Let h = -18 + 24. Let z(l) = -4*l + 16. Let a(o) = -4*o + 1. Let p(k) = -k. Let i(c) = -a(c) + 3*p(c). Let n(v) = 3*i(v) + z(v). Determine n(h).
7
Let p(x) = -2*x - 11. Suppose b + m = -8, -5 = 5*m + 5. Calculate p(b).
1
Let d(i) = -2*i**3 + 5*i**2 - 8*i - 7. Let q(n) = -n**3 + 5*n**2 - 8*n - 7. Let a(l) = -2*d(l) + 3*q(l). Suppose -4*r + 0*r - 24 = 0. Determine a(r).
5
Let o(i) = -11*i**2 + 10*i**2 - 7*i + 3 + 2*i + 9*i + i. Suppose -3*q + 6 = 3*t, -4*t + 0*t - 16 = 0. Calculate o(q).
-3
Let m(p) = p + 14. Suppose -2*w = -2*f - 20, -8*f = -4*f - w + 43. What is m(f)?
3
Let c = -16 - -11. Let m(s) = -4*s**2 - 5*s - 7. Let u(r) = -7*r**2 - 11*r - 14. Let q(w) = c*m(w) + 3*u(w). Calculate q(-6).
5
Let p(y) = -3*y**3 + y**2 + 2*y + 4. Let z(m) = -8*m**3 + 2*